Is 6656059 a prime number?
True
Is 25112639 a prime number?
False
Is 1519303 a composite number?
True
Is 12835531 a prime number?
True
Is 280270909 a prime number?
True
Is 44323723 a prime number?
True
Is 19027781 a composite number?
False
Is 440615413 composite?
True
Is 81712849 a prime number?
False
Is 6679547 a prime number?
False
Is 12322631 prime?
True
Is 329911733 a prime number?
True
Is 8325403 a composite number?
False
Is 29939519 a composite number?
False
Is 5745539 prime?
True
Is 273826853 a prime number?
True
Is 2837801 prime?
True
Is 136867219 composite?
False
Is 19855033 a composite number?
True
Is 2045327 prime?
False
Is 1908889 a composite number?
True
Is 183443933 a prime number?
True
Is 209612699 a prime number?
True
Is 12150211 prime?
True
Is 665507033 a composite number?
False
Is 5373653 prime?
True
Is 630762329 a composite number?
False
Is 19591771 composite?
False
Is 426937663 composite?
False
Is 830233 composite?
False
Is 7202749 composite?
True
Is 15629881 a prime number?
True
Is 178021 a prime number?
True
Is 9679121 composite?
False
Is 345510145 prime?
False
Is 67483217 prime?
False
Is 8659909 a composite number?
False
Is 5611759 prime?
True
Is 236063 a composite number?
False
Is 3295351 a composite number?
False
Is 25842977 prime?
True
Is 1944463 a prime number?
False
Is 107761 a prime number?
True
Is 43172249 composite?
False
Is 113914847 prime?
True
Is 8419507 composite?
True
Is 132530809 a prime number?
False
Is 23362387 a prime number?
True
Is 4467257 composite?
False
Is 469387 a prime number?
False
Is 121156769 a composite number?
False
Is 11789213 composite?
False
Is 34505551 composite?
False
Is 142649 prime?
False
Is 5182553 prime?
False
Is 139021871 prime?
True
Is 641549 a composite number?
False
Is 73540981 a composite number?
False
Is 77665081 a prime number?
False
Is 40010263 prime?
True
Is 26069321 a prime number?
True
Is 7904063 a composite number?
False
Is 35648771 a prime number?
True
Is 35230999 a prime number?
True
Is 16780057 a prime number?
False
Is 311837441 prime?
False
Is 335722187 a composite number?
True
Is 73141517 a prime number?
True
Is 913063 composite?
False
Is 20574557 composite?
True
Is 366636583 a composite number?
True
Is 28027397 prime?
True
Is 19392799 prime?
False
Is 120319 a prime number?
True
Is 469747 a prime number?
True
Is 68551906 a prime number?
False
Is 69671749 prime?
False
Is 103265563 a composite number?
False
Is 47097763 prime?
True
Is 3707189 prime?
True
Is 4117327 prime?
False
Is 5220277 composite?
False
Is 2353727 composite?
True
Is 274371059 a prime number?
False
Is 340313 a composite number?
True
Is 5663293 composite?
False
Is 59176223 composite?
True
Is 128431 a prime number?
True
Is 1371246433 prime?
True
Is 323509 a prime number?
True
Is 450110671 prime?
True
Is 8389471 composite?
True
Is 6134797 prime?
True
Is 6208651 composite?
False
Is 11850095 a prime number?
False
Is 26256873 a prime number?
False
Is 72823229 prime?
False
Is 34539281 composite?
True
Is 14222311 prime?
False
Is 30959711 a composite number?
False
Is 44858213 a composite number?
True
Is 1980543 a prime number?
False
Is 5779443 a prime number?
False
Is 7138273 a composite number?
False
Is 753101 a composite number?
True
Is 254285 composite?
True
Is 29632319 composite?
False
Is 1537958 a composite number?
True
Is 9144493 prime?
True
Is 19195049 prime?
True
Is 2106773 a composite number?
False
Is 85132591 a composite number?
True
Is 1039706351 a composite number?
False
Is 9938801 prime?
True
Is 19865119 prime?
True
Is 2549198 a composite number?
True
Is 24902357 composite?
False
Is 36327953 composite?
False
Is 467471887 a composite number?
True
Is 406799 prime?
False
Is 26583827 prime?
False
Is 2194013 a prime number?
True
Is 2795581 composite?
True
Is 5600897 a prime number?
True
Is 5598895 a composite number?
True
Is 1728631 composite?
True
Is 499403 a prime number?
True
Is 253889 a composite number?
True
Is 123677 prime?
True
Is 6930481 prime?
True
Is 1857281 prime?
True
Is 311279 composite?
False
Is 376321 prime?
False
Is 300965623 prime?
False
Is 225229 prime?
False
Is 79654727 composite?
True
Is 901891 prime?
True
Is 24695267 a prime number?
True
Is 6051449 a prime number?
False
Is 5021713 composite?
True
Is 84078343 composite?
False
Is 393546251 a prime number?
False
Is 154331781 a composite number?
True
Is 14271043 prime?
False
Is 2375081 prime?
False
Is 17677559 a composite number?
True
Is 53093693 a composite number?
True
Is 11088739 a composite number?
False
Is 1663837 a composite number?
True
Is 106207 a prime number?
True
Is 20763541 a composite number?
False
Is 64549387 composite?
True
Is 48669443 composite?
False
Is 2968733 prime?
True
Is 84837967 a prime number?
True
Is 21643823 prime?
True
Is 4518973 a prime number?
False
Is 28909319 prime?
False
Is 10558169 a composite number?
True
Is 103681927 composite?
False
Is 109551037 composite?
False
Is 20017321 prime?
False
Is 11382023 prime?
False
Is 13408667 a composite number?
True
Is 21465413 composite?
True
Is 6422107 prime?
False
Is 415653901 a prime number?
False
Is 19423823 a composite number?
True
Is 4060717 prime?
True
Is 19594639 prime?
False
Is 19693369 a prime number?
False
Is 2097257 a prime number?
True
Is 10823149 a composite number?
False
Is 8069149 a composite number?
True
Is 78928333 prime?
False
Is 10573651 a prime number?
False
Is 9896833 prime?
True
Is 1625093 composite?
True
Is 13917095 composite?
True
Is 19926947 a composite number?
True
Is 1030859 composite?
True
Is 223945481 composite?
False
Is 19794039 a composite number?
True
Is 17865203 a prime number?
True
Is 135236209 a prime number?
False
Is 71578933 a composite number?
False
Is 6039353 a composite number?
True
Is 569659 a composite number?
False
Is 192123661 a composite number?
False
Is 1191341 composite?
False
Is 30549797 a composite number?
True
Is 705767 composite?
True
Is 10202191 prime?
True
Is 676273 a composite number?
True
Is 5791717 a composite number?
False
Is 97686271 prime?
True
Is 288349367 a prime number?
False
Is 63469739 composite?
False
Is 398993059 prime?
False
Is 3710009 a composite number?
False
Is 544151 composite?
True
Is 29988269 a prime number?
False
Is 10446889 a prime number?
True
Is 2914778 a composite number?
True
Is 61189727 a composite number?
True
Is 4762613 prime?
True
Is 6133429 composite?
False
Is 2609963 a prime number?
True
Is 14393461 a composite number?
False
Is 51595213 prime?
False
Is 83691121 prime?
False
Is 117989 prime?
True
Is 47013227 a prime number?
True
Is 23272061 composite?
False
Is 1638397 a prime number?
False
Is 3015223 a composite number?
True
Is 33166858 a composite number?
True
Is 57513727 prime?
True
Is 168704519 a prime number?
True
Is 2297201 a prime number?
False
Is 1086851 a composite number?
True
Is 17342291 a composite number?
False
Is 112742881 a composite number?
False
Is 531477911 prime?
True
Is 4512287 a composite number?
True
Is 46355899 a composite number?
False
Is 2989877 prime?
False
Is 4459513 prime?
False
Is 1809737 prime?
False
Is 138618145 a prime number?
False
Is 1000102121 prime?
True
Is 52689898 a prime number?
False
Is 1335043 composite?
False
Is 23560051 prime?
True
Is 22871659 prime?
True
Is 62203319 a prime number?
False
Is 66084971 composite?
False
Is 803095466 composite?
True
Is 35077717 a prime number?
True
Is 29199191 prime?
False
Is 144786419 a composite number?
True
Is 130309 a prime number?
False
Is 953876747 prime?
True
Is 4300019 composite?
True
Is 19124471 a composite number?
True
Is 28073113 prime?
True
Is 130679531 prime?
True
Is 47384633 a composite number?
False
Is 103569569 prime?
False
Is 82477 a composite number?
True
Is 116849281 prime?
True
Is 143565754 prime?
False
Is 681035 prime?
False
Is 8832607 a composite number?
True
Is 1949 prime?
True
Is 14656561 a composite number?
False
Is 1393433 composite?
True
Is 40613257 a prime number?
False
Is 498869951 a composite number?
True
Is 325901 prime?
True
Is 614927 prime?
True
Is 75886253 composite?
False
Is 17641711 composite?
True
Is 403717967 a prime number?
True
Is 111375577 a prime number?
True
Is 384966583 a prime number?
True
Is 142508111 composite?
False
Is 4371469 a prime number?
False
Is 104318861 a